{"id":683,"date":"2014-12-02T07:01:56","date_gmt":"2014-12-02T07:01:56","guid":{"rendered":"https:\/\/accesspressthemes.com\/accesspress-parallax-pro-demo\/?page_id=683"},"modified":"2026-03-16T09:58:57","modified_gmt":"2026-03-16T09:58:57","slug":"services-section","status":"publish","type":"page","link":"https:\/\/btsneustadt-bremen.de\/?page_id=683","title":{"rendered":"Anschrift und Daten"},"content":{"rendered":"<div id=\"pl-683\"  class=\"panel-layout\" ><div id=\"pg-683-0\"  class=\"panel-grid panel-no-style\" ><div id=\"pgc-683-0-0\"  class=\"panel-grid-cell\" ><div id=\"panel-683-0-0-0\" class=\"so-panel widget widget_sow-editor panel-first-child panel-last-child\" data-index=\"0\" ><div\n\t\t\t\n\t\t\tclass=\"so-widget-sow-editor so-widget-sow-editor-base\"\n\t\t\t\n\t\t>\n<div class=\"siteorigin-widget-tinymce textwidget\">\n\t<p><strong>Gesch\u00e4ftsstelle<\/strong><\/p>\n<p>Bremer Turn- und<br \/>\nSportgemeinde Neustadt<br \/>\nErlenstra\u00dfe 85a<br \/>\n28199 Bremen<\/p>\n<p>Tel.: 0421\/598 04 53<\/p>\n<p><strong>\u00d6ffnungszeiten:<\/strong><\/p>\n<p>Dienstag 10.00 -12.00 Uhr<\/p>\n<p>Mittwoch 16.00 - 18.00 Uhr<\/p>\n<p>&nbsp;<\/p>\n<\/div>\n<\/div><\/div><\/div><div id=\"pgc-683-0-1\"  class=\"panel-grid-cell\" ><div id=\"panel-683-0-1-0\" class=\"so-panel widget widget_sow-editor panel-first-child panel-last-child\" data-index=\"1\" ><div\n\t\t\t\n\t\t\tclass=\"so-widget-sow-editor so-widget-sow-editor-base\"\n\t\t\t\n\t\t>\n<div class=\"siteorigin-widget-tinymce textwidget\">\n\t<p><strong>Hallenwart f\u00fcr Volkmannstra\u00dfe und Erlenstra\u00dfe<\/strong><br \/>\nMarcel Tiegel | 0176-79246759<\/p>\n<p>&nbsp;<\/p>\n<p>&nbsp;<\/p>\n<p><strong>BTS-Halle Volkmannstra\u00dfe<\/strong><br \/>\nVolkmannstra\u00dfe<br \/>\n28201 Bremen<\/p>\n<p>&nbsp;<\/p>\n<\/div>\n<\/div><\/div><\/div><\/div><div id=\"pg-683-1\"  class=\"panel-grid panel-no-style\" ><div id=\"pgc-683-1-0\"  class=\"panel-grid-cell\" ><div id=\"panel-683-1-0-0\" class=\"so-panel widget widget_sow-editor panel-first-child panel-last-child\" data-index=\"2\" ><div\n\t\t\t\n\t\t\tclass=\"so-widget-sow-editor so-widget-sow-editor-base\"\n\t\t\t\n\t\t>\n<div class=\"siteorigin-widget-tinymce textwidget\">\n\t<p>Kontakt zur Gesch\u00e4ftsstelle:<\/p>\n<p>Email: <a href=\"mailto:info@btsneustadt-bremen.de\">info@btsneustadt-bremen.de<\/a><\/p>\n<p>&nbsp;<\/p>\n<header class=\"entry-header\"><a href=\"https:\/\/btsneustadt-bremen.de\/?p=3327\" rel=\"bookmark\">Ansprechpartner f\u00fcr Kinder und Jugendliche<\/a><\/header>\n<div class=\"entry-content\">\n<p><strong>Vertrauenspersonen f\u00fcr Kinder und Jugendliche<\/strong><\/p>\n<p>Johanna\u00a0\u00a0\u00a0\u00a0\u00a0\u00a0\u00a0\u00a0\u00a0\u00a0\u00a0\u00a0\u00a0\u00a0\u00a0 \u00a0\u00a0\u00a0\u00a0\u00a0\u00a0\u00a0\u00a0\u00a0\u00a0\u00a0\u00a0\u00a0\u00a0\u00a0\u00a0\u00a0\u00a0\u00a0\u00a0\u00a0\u00a0\u00a0\u00a0\u00a0\u00a0\u00a0\u00a0\u00a0\u00a0\u00a0\u00a0\u00a0\u00a0\u00a0\u00a0\u00a0\u00a0\u00a0\u00a0\u00a0\u00a0\u00a0\u00a0\u00a0\u00a0 \u00a0\u00a0\u00a0\u00a0\u00a0\u00a0<a href=\"mailto:joey.goepfert@web.de\">joey.goepfert@web.de<\/a><\/p>\n<p>Janko\u00a0 \u00a0 \u00a0 \u00a0 \u00a0 \u00a0 \u00a0 \u00a0 \u00a0 \u00a0 \u00a0 \u00a0 \u00a0 \u00a0 \u00a0 \u00a0 \u00a0 \u00a0 \u00a0 \u00a0 \u00a0 \u00a0 \u00a0 \u00a0 \u00a0 \u00a0 \u00a0 \u00a0 \u00a0 \u00a0 \u00a0 \u00a0 \u00a0 \u00a0 \u00a0 \u00a0 \u00a0 \u00a0janko201@gmx.de<\/p>\n<\/div>\n<\/div>\n<\/div><\/div><\/div><\/div><\/div>","protected":false},"excerpt":{"rendered":"<p>Gesch\u00e4ftsstelle Bremer Turn- und Sportgemeinde Neustadt Erlenstra\u00dfe 85a 28199 Bremen Tel.: 0421\/598 04 53 \u00d6ffnungszeiten: Dienstag 10.00 -12.00 Uhr Mittwoch 16.00 &#8211; 18.00 Uhr &nbsp; Hallenwart f\u00fcr Volkmannstra\u00dfe und Erlenstra\u00dfe Marcel Tiegel | 0176-79246759 &nbsp; &nbsp; BTS-Halle Volkmannstra\u00dfe Volkmannstra\u00dfe 28201 Bremen &nbsp; Kontakt zur Gesch\u00e4ftsstelle: Email: info@btsneustadt-bremen.de &nbsp; Ansprechpartner f\u00fcr Kinder und Jugendliche Vertrauenspersonen f\u00fcr &hellip; <a href=\"https:\/\/btsneustadt-bremen.de\/?page_id=683\" class=\"more-link\"><span class=\"screen-reader-text\">\u201eAnschrift und Daten\u201c<\/span> weiterlesen<\/a><\/p>\n","protected":false},"author":1,"featured_media":0,"parent":0,"menu_order":0,"comment_status":"closed","ping_status":"closed","template":"","meta":{"_coblocks_attr":"","_coblocks_dimensions":"","_coblocks_responsive_height":"","_coblocks_accordion_ie_support":"","pgc_sgb_lightbox_settings":"","footnotes":""},"class_list":["post-683","page","type-page","status-publish","hentry"],"_links":{"self":[{"href":"https:\/\/btsneustadt-bremen.de\/index.php?rest_route=\/wp\/v2\/pages\/683","targetHints":{"allow":["GET"]}}],"collection":[{"href":"https:\/\/btsneustadt-bremen.de\/index.php?rest_route=\/wp\/v2\/pages"}],"about":[{"href":"https:\/\/btsneustadt-bremen.de\/index.php?rest_route=\/wp\/v2\/types\/page"}],"author":[{"embeddable":true,"href":"https:\/\/btsneustadt-bremen.de\/index.php?rest_route=\/wp\/v2\/users\/1"}],"replies":[{"embeddable":true,"href":"https:\/\/btsneustadt-bremen.de\/index.php?rest_route=%2Fwp%2Fv2%2Fcomments&post=683"}],"version-history":[{"count":45,"href":"https:\/\/btsneustadt-bremen.de\/index.php?rest_route=\/wp\/v2\/pages\/683\/revisions"}],"predecessor-version":[{"id":4110,"href":"https:\/\/btsneustadt-bremen.de\/index.php?rest_route=\/wp\/v2\/pages\/683\/revisions\/4110"}],"wp:attachment":[{"href":"https:\/\/btsneustadt-bremen.de\/index.php?rest_route=%2Fwp%2Fv2%2Fmedia&parent=683"}],"curies":[{"name":"wp","href":"https:\/\/api.w.org\/{rel}","templated":true}]}}