{"id":1007,"date":"2014-12-14T09:07:35","date_gmt":"2014-12-14T09:07:35","guid":{"rendered":"https:\/\/accesspressthemes.com\/accesspress-parallax-pro-demo\/?page_id=1007"},"modified":"2026-05-11T10:30:35","modified_gmt":"2026-05-11T10:30:35","slug":"testimonial-slider","status":"publish","type":"page","link":"https:\/\/btsneustadt-bremen.de\/?page_id=1007","title":{"rendered":"Fitness &#038; Gymnastik"},"content":{"rendered":"<div id=\"pl-1007\"  class=\"panel-layout\" ><div id=\"pg-1007-0\"  class=\"panel-grid panel-no-style\" ><div id=\"pgc-1007-0-0\"  class=\"panel-grid-cell\" ><div id=\"panel-1007-0-0-0\" class=\"so-panel widget widget_black-studio-tinymce widget_black_studio_tinymce panel-first-child panel-last-child\" data-index=\"0\" ><h3 class=\"widget-title\">Fitness\/Gymnastik f\u00fcr Frauen<\/h3><div class=\"textwidget\"><h4 style=\"text-align: right;\">\u00dcbungsleiter:<\/h4>\n<p style=\"text-align: right;\">Martina Hartert | Tel.: 0421\/597 98 91<\/p>\n<p style=\"text-align: right;\">Martina Eickhoff<\/p>\n<p style=\"text-align: right;\">Petra Rauch | Tel.: 0421\/55 42 78<\/p>\n<p>&nbsp;<\/p>\n<p>&nbsp;<\/p>\n<\/div><\/div><\/div><div id=\"pgc-1007-0-1\"  class=\"panel-grid-cell\" ><div id=\"panel-1007-0-1-0\" class=\"so-panel widget widget_black-studio-tinymce widget_black_studio_tinymce panel-first-child panel-last-child\" data-index=\"1\" ><div class=\"textwidget\"><h4 style=\"text-align: left;\">Trainingszeiten:<\/h4>\n<p><strong>Montag 18:00 - 19:00 Uhr<\/strong><br \/>\nGymnastik \u00dc50<br \/>\nErlenstra\u00dfe | <em>Martina Hartert<\/em><\/p>\n<p><strong>Mittwoch 11:00 - 12:00 Uhr<\/strong><br \/>\nGymnastik \u00dc70<br \/>\nErlenstra\u00dfe | <em>Martina Hartert<\/em><\/p>\n<p><strong>Mittwoch 16:30 - 17:30 Uhr<\/strong><br \/>\nGymnastik \u00dc60<br \/>\nHalle Erlenstra\u00dfe MZR | <em>Petra Rauch<\/em><\/p>\n<p><strong>Donnerstag 11:00 - 12:00 Uhr<\/strong><br \/>\nFitness \u00dc70<br \/>\nErlenstra\u00dfe | <em>Martina Eickhoff<\/em><\/p>\n<\/div><\/div><\/div><\/div><div id=\"pg-1007-1\"  class=\"panel-grid panel-no-style\" ><div id=\"pgc-1007-1-0\"  class=\"panel-grid-cell\" ><div id=\"panel-1007-1-0-0\" class=\"so-panel widget widget_black-studio-tinymce widget_black_studio_tinymce panel-first-child panel-last-child\" data-index=\"2\" ><h3 class=\"widget-title\">Fitness und Spiel f\u00fcr M\u00e4nner<\/h3><div class=\"textwidget\"><p style=\"text-align: right;\">Hans Sch\u00f6ne<\/p>\n<p style=\"text-align: right;\">Alter der Teilnehmer:<br \/>\n30 bis 70 Jahre<\/p>\n<\/div><\/div><\/div><div id=\"pgc-1007-1-1\"  class=\"panel-grid-cell\" ><div id=\"panel-1007-1-1-0\" class=\"so-panel widget widget_black-studio-tinymce widget_black_studio_tinymce panel-first-child panel-last-child\" data-index=\"3\" ><div class=\"textwidget\"><h4 style=\"text-align: left;\">Trainingszeiten:<\/h4>\n<p><strong>Freitag 14:30 - 16:00 Uhr<\/strong><br \/>\nab 50 Jahre\u00a0 Prellball<br \/>\nHalle Volkmannstra\u00dfe | <em>Hans Sch\u00f6ne<\/em><\/p>\n<\/div><\/div><\/div><\/div><div id=\"pg-1007-2\"  class=\"panel-grid panel-no-style\" ><div id=\"pgc-1007-2-0\"  class=\"panel-grid-cell\" ><div id=\"panel-1007-2-0-0\" class=\"so-panel widget widget_black-studio-tinymce widget_black_studio_tinymce panel-first-child panel-last-child\" data-index=\"4\" ><h3 class=\"widget-title\">Fitness f\u00fcr Alle \u00dc50<\/h3><div class=\"textwidget\"><p style=\"text-align: right;\">Alter der Teilnehmer:<br \/>\nab 50 Jahre<\/p>\n<p style=\"text-align: right;\">Barbara Fink<\/p>\n<p style=\"text-align: right;\">Astrid Schiffmann<\/p>\n<p>&nbsp;<\/p>\n<p>&nbsp;<\/p>\n<\/div><\/div><\/div><div id=\"pgc-1007-2-1\"  class=\"panel-grid-cell\" ><div id=\"panel-1007-2-1-0\" class=\"so-panel widget widget_black-studio-tinymce widget_black_studio_tinymce panel-first-child panel-last-child\" data-index=\"5\" ><div class=\"textwidget\"><h4 style=\"text-align: left;\">Trainingszeiten:<\/h4>\n<p><strong>Dienstag 19:30 - 21:00 Uhr<\/strong><br \/>\ngemischte Spiel- und Sportgruppe \u00dc50<br \/>\nHalle Volkmannstra\u00dfe<\/p>\n<p><strong>Mittwoch 20:00 - 21:30 Uhr<\/strong><br \/>\ngemischte Spiel- und Sportgruppe \u00dc50<br \/>\nHalle Erlenstra\u00dfe<\/p>\n<\/div><\/div><\/div><\/div><div id=\"pg-1007-3\"  class=\"panel-grid panel-no-style\" ><div id=\"pgc-1007-3-0\"  class=\"panel-grid-cell panel-grid-cell-empty panel-grid-cell-mobile-last\" ><\/div><div id=\"pgc-1007-3-1\"  class=\"panel-grid-cell panel-grid-cell-empty\" ><\/div><\/div><\/div>","protected":false},"excerpt":{"rendered":"<p>\u00dcbungsleiter: Martina Hartert | Tel.: 0421\/597 98 91 Martina Eickhoff Petra Rauch | Tel.: 0421\/55 42 78 &nbsp; &nbsp; Trainingszeiten: Montag 18:00 &#8211; 19:00 Uhr Gymnastik \u00dc50 Erlenstra\u00dfe | Martina Hartert Mittwoch 11:00 &#8211; 12:00 Uhr Gymnastik \u00dc70 Erlenstra\u00dfe | Martina Hartert Mittwoch 16:30 &#8211; 17:30 Uhr Gymnastik \u00dc60 Halle Erlenstra\u00dfe MZR | Petra Rauch &hellip; <a href=\"https:\/\/btsneustadt-bremen.de\/?page_id=1007\" class=\"more-link\"><span class=\"screen-reader-text\">\u201eFitness &#038; Gymnastik\u201c<\/span> weiterlesen<\/a><\/p>\n","protected":false},"author":1,"featured_media":0,"parent":796,"menu_order":0,"comment_status":"closed","ping_status":"closed","template":"","meta":{"_coblocks_attr":"","_coblocks_dimensions":"","_coblocks_responsive_height":"","_coblocks_accordion_ie_support":"","pgc_sgb_lightbox_settings":"","footnotes":""},"class_list":["post-1007","page","type-page","status-publish","hentry"],"_links":{"self":[{"href":"https:\/\/btsneustadt-bremen.de\/index.php?rest_route=\/wp\/v2\/pages\/1007","targetHints":{"allow":["GET"]}}],"collection":[{"href":"https:\/\/btsneustadt-bremen.de\/index.php?rest_route=\/wp\/v2\/pages"}],"about":[{"href":"https:\/\/btsneustadt-bremen.de\/index.php?rest_route=\/wp\/v2\/types\/page"}],"author":[{"embeddable":true,"href":"https:\/\/btsneustadt-bremen.de\/index.php?rest_route=\/wp\/v2\/users\/1"}],"replies":[{"embeddable":true,"href":"https:\/\/btsneustadt-bremen.de\/index.php?rest_route=%2Fwp%2Fv2%2Fcomments&post=1007"}],"version-history":[{"count":60,"href":"https:\/\/btsneustadt-bremen.de\/index.php?rest_route=\/wp\/v2\/pages\/1007\/revisions"}],"predecessor-version":[{"id":4146,"href":"https:\/\/btsneustadt-bremen.de\/index.php?rest_route=\/wp\/v2\/pages\/1007\/revisions\/4146"}],"up":[{"embeddable":true,"href":"https:\/\/btsneustadt-bremen.de\/index.php?rest_route=\/wp\/v2\/pages\/796"}],"wp:attachment":[{"href":"https:\/\/btsneustadt-bremen.de\/index.php?rest_route=%2Fwp%2Fv2%2Fmedia&parent=1007"}],"curies":[{"name":"wp","href":"https:\/\/api.w.org\/{rel}","templated":true}]}}